 4*i. Suppose -5*d - 3*h + 0 = 5, -i = 4*d + 3*h. Is l(d) a prime number?
False
Let x(u) = -83*u + 41. Let c be x(-8). Let a = c + -410. Is a a composite number?
True
Suppose 13 + 12 = 5*u. Suppose k + 628 = 3*k + 5*f, -5*k - u*f = -1585. Suppose -3*z = -w - 163, 103 = -4*z + w + k. Is z prime?
True
Suppose 28971 = 12*b - 1330833. Is b a composite number?
True
Let i = -90 + 198. Suppose -2*w + 47 = -2*o - 3*o, 3*w - o - 38 = 0. Suppose r = w + i. Is r prime?
False
Let o be ((-3)/((-12)/(-119)))/(8/(-64)). Let c = 121 - 174. Let q = o + c. Is q composite?
True
Is ((-3)/(-5))/((-2)/126030*-3) a prime number?
False
Suppose 25*w = 382186 + 76339. Is w composite?
False
Let z = -30 - -51. Suppose 1397 - z = 4*c. Let b = c - 213. Is b composite?
False
Let j(k) = -k**2 - 10*k - 13. Let o be j(-8). Suppose -o*p = -n - 385, 0*n + n = -4. Is p prime?
True
Let q(r) = -31*r**3 + 13*r**2 - 2. Let a(n) = 16*n**3 - 7*n**2 + 1. Let h(j) = -11*a(j) - 6*q(j). Let p be h(1). Suppose 3*x = 4*x - p. Is x composite?
True
Suppose 2*y = i - 8 - 1, 2*i - y = 9. Suppose -368 = -i*w - 5. Is w composite?
True
Let q be -1256 + -4 + (1 - 3/3). Let i = q + 2669. Is i composite?
False
Let y = -97 - -92. Let b(x) = -2*x**3 - 2*x**2 + 7*x + 12. Is b(y) prime?
False
Suppose 5*t + 2*t - 1519 = 0. Let v = t + 36. Is v prime?
False
Let x be (-1)/(7/(-2)) + 7662/(-14). Let t = x + 1068. Is t a prime number?
True
Suppose 4*w + 931 = -545. Suppose 3*r + 550 = y, 4*r - 2*y + 734 = -y. Let s = r - w. Is s composite?
True
Suppose 2*c = c - 2*s + 84503, 338006 = 4*c + 5*s. Is c composite?
False
Suppose -4*m + 2*p + 37 = -m, 5*p = m - 34. Suppose o - 2428 = -4*o - r, -m = -3*r. Suppose a = -4*a + o. Is a a prime number?
True
Suppose -8 = -2*p, 0 = -2*a + p - 6*p - 2898. Let d = -876 - a. Is d a prime number?
False
Suppose 0 = -15*f + 26867 + 5458. Is f composite?
True
Let c(n) = 7*n**2 - 23*n - 11. Let p be (-280)/(-12) - (6/9)/2. Is c(p) a composite number?
False
Let i = -46 - -48. Suppose 5*d - g = -3*g + 1109, 4*g = -i*d + 434. Is d a composite number?
False
Suppose -4*a + 399 = 83. Let b = 135 - a. Let j = b + -3. Is j a composite number?
False
Let b(q) = 902 - 900 + 5*q - 7*q**2 + 0*q**3 + q**3. Let w(a) = -a**3 - 2*a - 1. Let m be w(-2). Is b(m) composite?
False
Suppose -4*s = 3*a - 19, 5*a - 8 = -s + a. Suppose 0 = -f - s*f - b + 1530, -3*f + 2*b = -905. Is f composite?
True
Let n(u) = 160*u. Let x be n(10). Let g = x - 1043. Is g prime?
True
Let c be 4 - 3*(16/12 - 1). Suppose 2*z - c*b = b + 754, -3*b = 2*z - 761. Is z prime?
True
Let x = 12071 - 7474. Is x prime?
True
Suppose 3*b + 41 + 508 = 0. Let c = -752 - -262. Let l = b - c. Is l composite?
False
Let m(i) = 944*i + 259. Is m(12) composite?
False
Let y(r) = -49*r + 10. Let m be y(-6). Suppose -2*w = 82 + m. Is (-1)/2*(w - -3) prime?
False
Suppose 0 = k - 179 - 564. Is k a prime number?
True
Is (-17429)/((-40)/4 + 9) a prime number?
False
Let f(l) = 101*l**2 - 10*l + 10. Is f(7) a composite number?
False
Let b = 6857 + 296. Is b a composite number?
True
Let g = -29 - -25. Is 2100 + (-4 - (g + 1)) a composite number?
False
Let c = 21836 + -5217. Is c prime?
True
Suppose -2*w = a - 80, 4*w - 129 - 11 = 3*a. Suppose w = f - n - 2, 3*n = 5*f - 190. Let y = -22 + f. Is y a composite number?
False
Let b(l) be the first derivative of -l**2 - 27*l - 7. Let k be b(-16). Suppose -f = k - 64. Is f composite?
False
Suppose -3*k + 50 = -w - 13, k - w = 21. Suppose 1757 = -14*d + k*d. Is d composite?
False
Let l be (12 + -4)*1/4. Suppose 7*u = l*u - 2*s + 152, 2*s = -u + 24. Is 6/(-16) + 9836/u prime?
True
Let d = -29 - -4. Let k = d - -10. Is (-10)/k*(-555)/(-2) composite?
True
Let l(r) = -r**3 - 10*r**2 + 4*r + 14. Let h be l(10). Let o = h - -3473. Suppose -5*u + o = -2*u. Is u prime?
True
Is (-34316)/(-2) + -21 + 28 a composite number?
True
Let k be -4*1 + (5 - -1). Suppose 4*f = -r + 5*r + 12, k*r + 4 = 4*f. Is (-10)/r*(-2776)/(-20) composite?
False
Suppose 21*h - 3220 - 1211 = 0. Is h composite?
False
Suppose -4*n = -2*h + 17878, -11*h - 3*n - 26817 = -14*h. Is h composite?
True
Let b(g) = -20*g**3 - 6*g**2 - 7*g - 28. Is b(-5) a prime number?
True
Let j(n) = -n**3 - 10*n**2 + 7*n - 4. Let c be j(-10). Let k be c/(-14) - 24/84. Suppose 0 = -k*a + 851 + 64. Is a a composite number?
True
Let l be (-2 + 3)/(-2) - (-18)/4. Suppose v = 2*i + 6983, 21823 = 4*v + l*i - 6085. Is v a composite number?
True
Let c(p) be the second derivative of 2*p**5/5 - 5*p**4/12 + 5*p**3/6 - 9*p**2/2 + 14*p. Is c(4) composite?
False
Let d = 77314 - 38699. Is d a composite number?
True
Suppose -a - 10466 = -4*h, 5*h - 13075 = 2*a + 3*a. Is h prime?
True
Let s(l) = -l**2 - 5*l - 2. Let d be s(-3). Suppose d*h - 959 = 1385. Is h composite?
True
Let l be 749/(1 + -3 + 5/3). Is -5*2*l/30 composite?
True
Suppose 4*z = -2 - 2. Is 173 - 2/z - (-1 + -2) prime?
False
Is (2*2/4)/(7/704081) a composite number?
True
Let w be (-14)/175*5 + (-44)/(-10). Let a(m) = 950*m + 21. Is a(w) prime?
True
Suppose -27*o + 14408 = -23*o - 4*q, -2*q + 10 = 0. Is o a prime number?
True
Let a(i) = -149*i**3 - 12*i**2 + 2*i - 6. Let o be a(5). Is (1/3)/((-17)/o) prime?
False
Suppose u - h = -5*h, 0 = 5*u + 4*h. Suppose u = -w + f + 543, -2*w - 4*f - 1631 = -5*w. Is w a prime number?
True
Let v(c) = 2*c + 5. Suppose 0 = a - 4 - 3. Is v(a) prime?
True
Let h = 78772 - 14399. Is h a composite number?
False
Let q = -32 - -37. Suppose -1395 = -d - 4*i, -2*d = -6*d - q*i + 5591. Is d prime?
True
Suppose 4*c = -4*b + 758904, 20*b - 25*b + 3*c + 948590 = 0. Is b composite?
True
Let a be -3*422/12*-2. Let n(g) = -20*g - 4. Let k be n(4). Let s = k + a. Is s a composite number?
False
Let s(p) = p**3 + 7*p**2 - 12*p - 21. Is s(13) composite?
False
Let b = 41918 - 19305. Is b a prime number?
True
Let c(a) = a**3 + 24*a**2 - 24*a + 51. Let p be c(-25). Suppose -10*w = -p*w + 17072. Is w composite?
True
Suppose 7*f + 28 = 3*f. Let p(t) = -t + 24. Let m be p(f). Suppose -2*n + m = -85. Is n composite?
True
Suppose 2*m = -0*m + 6*m. Suppose m*p + 771 = p. Is p composite?
True
Let n = 3482 - -18479. Is n a composite number?
False
Let p = -20 - -25. Suppose -1887 = -4*c + p*u, 1423 = -0*c + 3*c + 4*u. Let w = c + -76. Is w composite?
False
Let l = 72270 - 39047. Is l composite?
False
Suppose 3*u + 20 = 4*y - u, -2*y + 6 = 2*u. Suppose 686 = 4*b + m - 898, -2*m = y*b - 1588. Is b prime?
False
Suppose -5465 = -x + 8630. Is x a composite number?
True
Let i(j) = j**2 + 11*j + 15. Let u be i(-11). Suppose u*w = 12*w + 345. Is w composite?
True
Let u(k) = -103*k**2 - k. Let v be u(1). Is (v/32)/((-1)/28) a prime number?
False
Let p(u) = u**2 - u + 1. Let j(h) = h**2 + 18*h - 35. Let o(w) = j(w) + 4*p(w). Is o(-12) a prime number?
True
Suppose -14*b - 5*b = -2109. Is b composite?
True
Let x(w) = -2*w + 1. Let y be x(-3). Let h(f) = f**3 - 7*f**2 + f - 4. Let a be h(y). Let u(i) = -i**2 + 9*i - 4. Is u(a) a prime number?
False
Suppose 3*v - d = 18594, v - 5*d - 3562 - 2650 = 0. Is v prime?
True
Suppose -23*v = -13*v - 727390. Is v prime?
True
Suppose -7990 = 14*j - 16*j. Suppose -5*k - j = v - 6*v, 2*k - 799 = -v. Is v prime?
False
Suppose -16*c = 15*c - 406069. Is c a prime number?
True
Suppose l = -2, -2*l + 5 = -0*g + 3*g. Suppose -g*m + 4*m = 5. Suppose 0 = m*z - 5*b - 875 - 765, -z = -4*b - 334. Is z composite?
True
Let r = 3585 + 962. Is r a composite number?
False
Suppose m + 10*p = 11*p + 3412, 4*m = 5*p + 13651. Is m a prime number?
False
Suppose -7*h + 2*h - 3*c = -2938, 4*c = -4*h + 2352. Is h composite?
False
Suppose -10*k = -4*k - 2892. Let p = k - -315. Is p a composite number?
False
Suppose -2*w - 4*n - 4 = 0, -4*w + 0*n - 8 = -3*n. Let o(k) = 534*k - 8. Let m be o(w). Is (-2)/(3 + m/356) a composite number?
False
Let d = 8 - 5. Suppose 0 = -3*o + 6 + d. Suppose 0*l = -3*l + 5*j + 180, 4*l + o*j = 211. Is l a prime number?
False
Is (7 + 38049/(-9))*3/(-2) composite?
True
Let u = -7 + 9. Suppose -1736 = 4*z - 4*t, u*z - t + 883 = -4*t. Let w = -22 - z. Is w prime?
False
Suppose -5*f + 10 = -2*z - 10*f, -10 = 5*z + 5*f. Let n be (-2 - (8 + z))/(-2). Suppose 2*m + 801 = n*m. Is m a prime number?
False
Let l = 1068 - -1993. Is l a composite number?
False
Let w = 1880 - -1142. Is w prime?
False
Let r